 -4085. Let u(d) be the second derivative of 10*d**3/3 - 3*d**2 - 2*d. Let n be u(f). What is the highest common divisor of 135 and n?
27
Let f = -37253 - -37277. Let z = 7 - -149. What is the highest common factor of f and z?
12
Suppose -3*b - q + 1060 = 0, -18*q = -5*b - 14*q + 1744. Calculate the highest common factor of 55 and b.
11
Let j be ((-3861)/44)/(30/(-40)). Suppose 0 = -3*x + 4*a + 105, 8 + 4 = 4*a. What is the greatest common factor of j and x?
39
Let r(k) = -k**3 + 5*k**2 - k - 5. Let d be r(2). Suppose -294 = -2*h - 4*n, 0*h - d*n + 735 = 5*h. Calculate the greatest common factor of h and 21.
21
Suppose 0 = -2*n - 4*p + 506 - 392, -5*n = 3*p - 264. What is the greatest common factor of 2805 and n?
51
Let c be (-600)/(-25)*((-10)/(-4) + -1). Calculate the greatest common divisor of c and 1332.
36
Let k = 72 + -58. Suppose 3*a - a - k = 0. Let z be 179*3/9 - a/(-21). Calculate the greatest common factor of 12 and z.
12
Suppose -159*c + 4 = -156*c - 5*q, -40 = -3*c - 4*q. Calculate the greatest common factor of 184 and c.
8
Let y be 2/8*(-56)/14*26. Let d be 165/(-65)*-17 + 4/y. Suppose -d*o = -44*o + 530. What is the highest common factor of o and 53?
53
Let r = -17767 + 17988. Calculate the greatest common divisor of r and 3604.
17
Let d(x) be the third derivative of x**5/20 - x**4/3 - 5*x**3/6 - 29*x**2. Let j be d(4). What is the highest common factor of 77 and j?
11
Let o(m) = -80*m + 1037. Let u be o(12). Let x = 71 - 49. Calculate the highest common factor of x and u.
11
Let i = -3 - -4. Let f be ((-65)/13)/(1/(-5)). What is the greatest common factor of i and f?
1
Let g(q) = -3*q**2 - q - 30. Let t(p) = -p**2 - 15. Let s(r) = -2*g(r) + 5*t(r). Let o be s(12). Calculate the greatest common divisor of o and 51.
51
Suppose -14*s = 1 - 1009. Suppose 167*x - 171*x = -s. Let z(c) = 13*c**2 + 2*c - 2. Let f be z(-4). What is the highest common factor of f and x?
18
Let c = -839 - -894. Suppose 5*b - 2591 = -666. Calculate the greatest common divisor of b and c.
55
Let n be (3/(-5))/(2/(-10)). Let g be 3/(-2) + ((-619)/2 - 3). Let u = g - -338. What is the greatest common factor of n and u?
3
Let f(c) = -2*c**3 - 9*c**2 - 17*c + 24. Let d be f(-3). What is the greatest common factor of 19 and d?
1
Suppose -3*l = 5*y - 59 - 311, 2*l - 144 = -2*y. Suppose -65271 = 139*j - 4*j - 158826. Calculate the highest common factor of j and y.
77
Suppose -6*y - 37 = -3*h + 2*h, 2*y = -5*h + 281. Let u(l) = -l + 5. Let m be u(6). Let d be (2/4)/(m/(-44)). Calculate the greatest common divisor of h and d.
11
Suppose 2*n - 344 = 4*j, 3*n - 156 = j + 390. Calculate the greatest common divisor of n and 115.
23
Suppose 0 = 18*h - 1796 + 140. Calculate the greatest common factor of h and 828.
92
Let d be 16/(-40) - -22*(-394)/(-20). Suppose -n = -2*b + 1293, 3*b - n - 2370 = -d. What is the greatest common divisor of b and 46?
46
Suppose 0 = -2*a + 13*a + 4741. Let l be a/(-7) - (-42)/98. What is the greatest common divisor of l and 2?
2
Suppose -k = -1, -2*r + 563 = -3*k - 612. Let m = r + 742. What is the greatest common factor of m and 11?
11
Suppose -81*x = -201*x + 55*x + 3445. Let w = 664 - -184. What is the highest common factor of w and x?
53
Let r = -2823 + 3018. What is the highest common divisor of 663 and r?
39
Suppose 5*q - 15*q - k + 8258 = 0, -k + 1650 = 2*q. What is the greatest common factor of 3422 and q?
118
Let n(q) = 3*q**2 - 9*q + 2 + 6*q - 6 + 6*q. Let k be n(-2). What is the highest common factor of 10 and k?
2
Let x be 54/(-432) - 10225/(-8). Calculate the greatest common divisor of 54 and x.
18
Let r(h) = 6 - 22*h - 20*h + 52*h. Let g = 3 - 0. Let k be r(g). Calculate the greatest common divisor of k and 54.
18
Let i be (132/(-165))/((-4)/(-10))*-2424. What is the highest common factor of i and 48?
48
Let y(w) = 101*w + 3393. Let z be y(-33). Calculate the highest common factor of 636 and z.
12
Let v(z) = z - 40. Let w be v(15). Let b be 2/10 + (-845)/w. Let l = b + -9. Calculate the greatest common divisor of l and 200.
25
Suppose 0 = g - 5, -3 = 3*p - 3*g. Suppose 5*y - 5*c = 165, -2*c + p = -3*c. Let j = -962 - -1223. Calculate the highest common divisor of y and j.
29
Let w = 1862 + -154. Suppose -26*o + 1204 + w = 0. Calculate the highest common divisor of 14 and o.
14
Suppose -29*v - x = -26*v - 728, -x = -8. Let a(l) = l**2 - 3*l + 6. Let t be a(6). Calculate the greatest common divisor of t and v.
24
Suppose -2*l + 25 = -t, -t - t = -6. Let r = 32 - l. Suppose -22*a - o + 68 = -20*a, -192 = -5*a + 3*o. What is the greatest common factor of a and r?
18
Suppose -t - m - 2 = 0, -3*t - 3*m - 21 = -5*t. Suppose t*z = -3 + 6. Let j be (1 + 0)/(-13 + 18 + -4). Calculate the greatest common factor of z and j.
1
Let q be ((-559)/(-2))/((-72)/(-144)). Calculate the greatest common factor of q and 301.
43
Suppose -4*y = -4, 2*d + 4*y = -2*d + 236. Suppose 43*j - 2*n - 10 = 40*j, n + 11 = 3*j. Calculate the greatest common factor of d and j.
2
Let c be (-9)/(-2)*40/(-30). Let x be 4 - 6*92/c. Calculate the greatest common factor of x and 240.
48
Let h be -12*13/52 + 1334. Calculate the greatest common factor of h and 143.
11
Suppose -11*p + 0 = -5467. Let b = p - 484. Calculate the highest common divisor of 260 and b.
13
Suppose 14*g + 24 = 26*g. Suppose -3*j + 114 = -z, -g*j - 147 = -6*j + 3*z. Calculate the highest common divisor of 351 and j.
39
Let j(s) = 13*s**2 - 14*s - 12. Let f be j(-3). Suppose 0 = -143*m + f*m - 84. What is the highest common divisor of 105 and m?
21
Let u be 36 + (-11 - -8)*-1. Calculate the greatest common divisor of 2613 and u.
39
Let m(i) = -i**3 + 15*i**2 - 28*i + 30. Let r be m(13). What is the greatest common divisor of 324 and r?
4
Let d(g) = -58*g - 111. Let z be d(-2). Suppose -5*r + 471 + 204 = 0. Calculate the greatest common factor of z and r.
5
Let q = -1010 - -1094. What is the greatest common factor of q and 546?
42
Let l = 6972 + -6860. Let w be 376/6 + 1/3. Suppose w = 4*t + a, 2*t + 4*a - 6 - 22 = 0. Calculate the highest common divisor of t and l.
16
Let j = 129 + -251. Let g = 132 + j. Calculate the greatest common factor of 35 and g.
5
Let f = 59 - 23. Let h = -92 + 240. Suppose 0 = 2*q - h + f. What is the greatest common divisor of 8 and q?
8
Let z be (-65)/(-26)*4 + 3525 + 2*1. What is the highest common divisor of z and 524?
131
Let d = 12038 + -11327. Calculate the highest common factor of d and 316.
79
Suppose -28 = -2*t - 2*v + 782, 3*t + 2*v - 1208 = 0. What is the highest common divisor of 199 and t?
199
Let o be 2/10 - (-4004)/455. Suppose -l + 2*r - 4 = l, 0 = -3*l - 5*r - 14. Let c be l/9*0 + 36. What is the greatest common divisor of c and o?
9
Let n(x) = 2*x**2 - 2*x + 6. Let m(w) = -4*w**2 + 5*w - 10. Let t(b) = -3*m(b) - 5*n(b). Let l be t(-3). Calculate the greatest common divisor of l and 9.
3
Let w be -9 - 534/(6 - 12). Suppose -w*d + 82*d - 34 = 0. Calculate the greatest common factor of d and 85.
17
Let l(a) = 12 - 37*a - 21*a + 10*a + 12*a. Let s be l(-3). Calculate the greatest common divisor of 40 and s.
40
Let z(k) be the second derivative of -k**4/12 - 7*k**3/3 + 65*k**2/2 - 281*k. Let q be z(-15). What is the highest common divisor of q and 650?
50
Let u be (-2)/3 + 107/3. Suppose -7*x - 11*x + 54 = 0. Let g be (-3)/3 + (18 - x). Calculate the highest common factor of u and g.
7
Suppose 0 = 4*i - 3*y - 134, 2*y - 95 - 31 = -3*i. Suppose -7*q = -5*q - 494. What is the greatest common factor of i and q?
19
Let s = 111 + -79. Let u = s + -44. Let q(a) = -a**3 - 13*a**2 - 16*a - 17. Let f be q(u). Calculate the highest common divisor of f and 155.
31
Let l be (-572)/(-130)*(11 - 4)*30. Calculate the highest common divisor of l and 252.
84
Let n(k) = 71*k**2 - k + 2. Let m(s) = 2*s - 1. Let c be m(1). Let j be n(c). What is the highest common divisor of 48 and j?
24
Let w(u) = 2*u - 1. Let b be w(0). Let o be (6/4)/(b/2) - -7. Suppose -69 = -y + 3*q, o*q + 70 = y + 1. What is the greatest common divisor of 23 and y?
23
Let q be -1 - 21/(-18) - (-44612)/456. Calculate the highest common divisor of q and 175.
7
Suppose 4*t - 128 = -2*m, 4*t - 296 = -5*m - 0*t. Suppose 2*d = -d + 6. Let r(s) = 77*s - 14. Let u be r(d). Calculate the greatest common divisor 